{"id":25,"date":"2021-07-08T16:47:10","date_gmt":"2021-07-08T16:47:10","guid":{"rendered":"https:\/\/limpiezasgaliport.com\/?page_id=25"},"modified":"2021-11-17T19:04:50","modified_gmt":"2021-11-17T19:04:50","slug":"inicio","status":"publish","type":"page","link":"https:\/\/limpiezasgaliport.com\/","title":{"rendered":"Inicio"},"content":{"rendered":"\n<div class=\"wp-block-columns is-layout-flex wp-container-core-columns-is-layout-9d6595d7 wp-block-columns-is-layout-flex\">\n<div class=\"wp-block-column is-layout-flow wp-block-column-is-layout-flow\">\n<p><strong>Limpiezas Galiport<\/strong>&nbsp;trabaja en el&nbsp;mantenimiento de todo tipo de superficies, horizontales o verticales, tanto de clientes particulares como empresas: comunidades, locales comerciales, garajes y obras, etc.<\/p>\n\n\n\n<p>En&nbsp;<strong>Limpiezas Galiport<\/strong>&nbsp;ponemos a su disposici\u00f3n uno de los servicios m\u00e1s completos y profesionales de limpieza&nbsp;que podr\u00e1 encontrar en&nbsp;<strong>A Coru\u00f1a<\/strong>. La empresa dispone de personal especializado, ofreciendo un mantenimiento eficaz e integral, se cuenta con maquinaria especializada para todo tipo de limpiezas, adapt\u00e1ndonos a las necesidades de cada cliente y superficie.<\/p>\n\n\n\n<figure class=\"wp-block-gallery columns-2 is-cropped wp-block-gallery-1 is-layout-flex wp-block-gallery-is-layout-flex\"><ul class=\"blocks-gallery-grid\"><li class=\"blocks-gallery-item\"><figure><img loading=\"lazy\" decoding=\"async\" width=\"400\" height=\"300\" src=\"https:\/\/limpiezasgaliport.com\/wp-content\/uploads\/2021\/07\/Presion-1-e1625071413728.jpg\" alt=\"\" data-id=\"32\" data-full-url=\"https:\/\/limpiezasgaliport.com\/wp-content\/uploads\/2021\/07\/Presion-1-e1625071413728.jpg\" data-link=\"https:\/\/limpiezasgaliport.com\/?attachment_id=32\" class=\"wp-image-32\" srcset=\"https:\/\/limpiezasgaliport.com\/wp-content\/uploads\/2021\/07\/Presion-1-e1625071413728.jpg 400w, https:\/\/limpiezasgaliport.com\/wp-content\/uploads\/2021\/07\/Presion-1-e1625071413728-300x225.jpg 300w\" sizes=\"auto, (max-width: 400px) 100vw, 400px\" \/><\/figure><\/li><li class=\"blocks-gallery-item\"><figure><img loading=\"lazy\" decoding=\"async\" width=\"450\" height=\"600\" src=\"https:\/\/limpiezasgaliport.com\/wp-content\/uploads\/2021\/07\/Limpiando.jpg\" alt=\"\" data-id=\"34\" data-full-url=\"https:\/\/limpiezasgaliport.com\/wp-content\/uploads\/2021\/07\/Limpiando.jpg\" data-link=\"https:\/\/limpiezasgaliport.com\/?attachment_id=34\" class=\"wp-image-34\" srcset=\"https:\/\/limpiezasgaliport.com\/wp-content\/uploads\/2021\/07\/Limpiando.jpg 450w, https:\/\/limpiezasgaliport.com\/wp-content\/uploads\/2021\/07\/Limpiando-225x300.jpg 225w\" sizes=\"auto, (max-width: 450px) 100vw, 450px\" \/><\/figure><\/li><\/ul><\/figure>\n<\/div>\n\n\n\n<div class=\"wp-block-column is-layout-flow wp-block-column-is-layout-flow\">\n<figure class=\"wp-block-gallery columns-1 is-cropped wp-block-gallery-2 is-layout-flex wp-block-gallery-is-layout-flex\"><ul class=\"blocks-gallery-grid\"><li class=\"blocks-gallery-item\"><figure><img loading=\"lazy\" decoding=\"async\" width=\"891\" height=\"1024\" src=\"https:\/\/limpiezasgaliport.com\/wp-content\/uploads\/2021\/11\/portada-portal-891x1024.jpg\" alt=\"\" data-id=\"107\" data-full-url=\"https:\/\/limpiezasgaliport.com\/wp-content\/uploads\/2021\/11\/portada-portal.jpg\" data-link=\"https:\/\/limpiezasgaliport.com\/?attachment_id=107\" class=\"wp-image-107\" srcset=\"https:\/\/limpiezasgaliport.com\/wp-content\/uploads\/2021\/11\/portada-portal-891x1024.jpg 891w, https:\/\/limpiezasgaliport.com\/wp-content\/uploads\/2021\/11\/portada-portal-261x300.jpg 261w, https:\/\/limpiezasgaliport.com\/wp-content\/uploads\/2021\/11\/portada-portal-768x883.jpg 768w, https:\/\/limpiezasgaliport.com\/wp-content\/uploads\/2021\/11\/portada-portal-1336x1536.jpg 1336w, https:\/\/limpiezasgaliport.com\/wp-content\/uploads\/2021\/11\/portada-portal.jpg 1481w\" sizes=\"auto, (max-width: 891px) 100vw, 891px\" \/><\/figure><\/li><\/ul><\/figure>\n<\/div>\n<\/div>\n","protected":false},"excerpt":{"rendered":"<p>Limpiezas Galiport&nbsp;trabaja en el&nbsp;mantenimiento de todo tipo de superficies, horizontales o verticales, tanto de clientes particulares como empresas: comunidades, locales comerciales, garajes y obras, etc. En&nbsp;Limpiezas Galiport&nbsp;ponemos a su disposici\u00f3n uno de los servicios m\u00e1s completos y profesionales de limpieza&nbsp;que podr\u00e1 encontrar en&nbsp;A Coru\u00f1a. La empresa dispone de personal especializado, [&hellip;]<\/p>\n","protected":false},"author":1,"featured_media":37,"parent":0,"menu_order":0,"comment_status":"closed","ping_status":"closed","template":"","meta":{"footnotes":""},"class_list":["post-25","page","type-page","status-publish","has-post-thumbnail","hentry"],"_links":{"self":[{"href":"https:\/\/limpiezasgaliport.com\/index.php?rest_route=\/wp\/v2\/pages\/25","targetHints":{"allow":["GET"]}}],"collection":[{"href":"https:\/\/limpiezasgaliport.com\/index.php?rest_route=\/wp\/v2\/pages"}],"about":[{"href":"https:\/\/limpiezasgaliport.com\/index.php?rest_route=\/wp\/v2\/types\/page"}],"author":[{"embeddable":true,"href":"https:\/\/limpiezasgaliport.com\/index.php?rest_route=\/wp\/v2\/users\/1"}],"replies":[{"embeddable":true,"href":"https:\/\/limpiezasgaliport.com\/index.php?rest_route=%2Fwp%2Fv2%2Fcomments&post=25"}],"version-history":[{"count":9,"href":"https:\/\/limpiezasgaliport.com\/index.php?rest_route=\/wp\/v2\/pages\/25\/revisions"}],"predecessor-version":[{"id":108,"href":"https:\/\/limpiezasgaliport.com\/index.php?rest_route=\/wp\/v2\/pages\/25\/revisions\/108"}],"wp:featuredmedia":[{"embeddable":true,"href":"https:\/\/limpiezasgaliport.com\/index.php?rest_route=\/wp\/v2\/media\/37"}],"wp:attachment":[{"href":"https:\/\/limpiezasgaliport.com\/index.php?rest_route=%2Fwp%2Fv2%2Fmedia&parent=25"}],"curies":[{"name":"wp","href":"https:\/\/api.w.org\/{rel}","templated":true}]}}